c. Calculate the remainder when c is divided by g.
12
Suppose 21*z - 203 + 77 = 0. Let q(u) = 3*u - 6. What is the remainder when q(5) is divided by z?
3
Suppose o - 12 = -3. Let w = 14 - 11. Calculate the remainder when (-160)/10*w/(-2) is divided by o.
6
Suppose n = -2*v + 144, 4*n - 18 = 2*v - 152. What is the remainder when 209 is divided by v?
67
Let f be ((-280)/25)/(4/(-30)). Let k be 4/(-14) + (-10224)/f. Let d = -55 - k. What is the remainder when d is divided by 17?
16
Suppose 1 = g + 6, -x = 4*g + 15. Let j(h) = h**2 - 3*h + 1. What is the remainder when 4 - -1*(0 + x) is divided by j(4)?
4
Let s(a) = 17*a + 1. Let p be s(2). Let k = 6 + p. Calculate the remainder when k is divided by 11.
8
Let v be -2*(2 - (-14)/(-4)). Let w(k) = 2*k + 18. Let i be w(-6). Let r = v + i. Calculate the remainder when 14 is divided by r.
5
Let w(p) = 2*p**2 - 9*p + 8. Let n be w(5). Let a = 7 + n. What is the remainder when 77 is divided by a?
17
Let s = 18 + -16. Let g(j) = -3*j**2 + 2*j - 11. Let o(m) = 2*m**2 - m + 7. Let t(r) = 5*g(r) + 8*o(r). Calculate the remainder when s is divided by t(-2).
0
Let a = 9 - -3. Let q(n) = n**2 + 17*n + 32. Let r be q(-13). What is the remainder when a is divided by ((-7)/(-5))/((-4)/r)?
5
Suppose -4*t + 9*t - 50 = 0. Suppose -2*n - 5*u = -106, -2*u - t = 4*n - 254. What is the remainder when n is divided by 21 - 4/(-6 - -2)*1?
19
Let k = -23 + 25. Let v(j) = j**3 - j**2 + 2*j - 3. What is the remainder when v(k) is divided by 4?
1
Suppose -2297 = 29*n - 4269. Let x = 18 - 11. Calculate the remainder when n is divided by x.
5
Suppose -9426 = -49*t - 2468. Calculate the remainder when t is divided by 39.
25
Suppose -5*x - 5*h + 239 = -7*h, 5*h - 37 = -x. Calculate the remainder when x is divided by 2/3 - (-74)/6.
8
Let j(s) = -32*s - 246. What is the remainder when j(-30) is divided by 16?
10
Suppose 3*p = -3*p + 24. Suppose 9*j - p*j - 420 = 0. Calculate the remainder when j is divided by 17.
16
What is the remainder when 133 is divided by (((-1620)/(-16))/(-9))/((-9)/36)?
43
Let a(r) = r**3 + 3*r**2 - 2*r + 3. Let f(d) = 19*d - 1117. What is the remainder when f(63) is divided by a(-3)?
8
Suppose 0 = 5*h + 10, h = -8*d + 11*d - 158. Calculate the remainder when 362 is divided by d.
50
Let z(k) = 18*k**2 - 4*k - 14. Calculate the remainder when z(-3) is divided by 11.
6
Let v = 871 - 836. What is the remainder when v is divided by 14?
7
Let c be 3/9*15*1. Suppose -c*p + 0*x + 11 = -2*x, p - 5*x - 16 = 0. Calculate the remainder when 75 is divided by (p + (-7)/5)*-65.
23
Let b = -106 + 147. What is the remainder when b is divided by 25?
16
Suppose 0 = 5*y + 6*u - u - 145, y = 5*u + 29. What is the remainder when 260 is divided by y?
28
Calculate the remainder when 388 is divided by (24/(-16))/(((-38)/132)/19).
91
Let a(g) = g**3 - 11*g**2 - 2*g + 26. Let v be a(11). Suppose -128 = -3*i - v*w, -28 = i - 2*i - 5*w. What is the remainder when i is divided by 7?
6
Suppose z + 4*n = 7, 3*z - 2*n - 57 - 20 = 0. Calculate the remainder when 65 is divided by z.
19
Let o = 414 + -407. Let r(k) = 6*k**3 - k + 1. Let j be r(1). What is the remainder when j/3*33/2 is divided by o?
5
Let c(m) = -m**3 + 4*m**2 - 4*m + 3. Let n be c(3). Let w = -3 + n. Calculate the remainder when 61 is divided by 6*((-2)/w + 2).
13
Suppose -o + 50 = -15. Suppose 4*g - 192 = v, o = -g + 2*g + 4*v. Calculate the remainder when g is divided by 13.
10
Suppose -3*u + 0*s = 3*s - 783, 3*s = u - 277. What is the remainder when u is divided by 55?
45
Let q(i) = -i + 5. Calculate the remainder when (-5)/15 - 2/(-6) - -4 is divided by q(3).
0
Suppose -11*y + 8*y + 6 = 0. Let m = 13 - y. What is the remainder when 37 is divided by m?
4
Let d be 2 + 2 - (-4 + 5). Suppose d*m - 210 - 291 = 0. What is the remainder when m is divided by 57?
53
Suppose -114*s = -121*s + 665. Calculate the remainder when s is divided by 33.
29
Let n = 20 - 17. Suppose -p = -0*p - 3. Suppose 0*f = -p*s - 2*f + 121, 4*f - 119 = -n*s. Calculate the remainder when s is divided by 21.
20
Let m = 41 - 31. Suppose 4*c - c - a = 1, 5*c - 4*a = -m. Suppose -2*z + 5 = 5*j, 2*j = c*z + 7 + 9. What is the remainder when j is divided by 1?
0
Let j(v) = -7*v + 5. Let l be j(-3). Let d = 4 + 11. Let b = l - d. What is the remainder when 30 is divided by b?
8
Suppose 32 = 30*q - 448. Let x = 20 + -11. What is the remainder when q is divided by x?
7
Suppose q + c - 5 = 9, -5*c = q - 30. Calculate the remainder when 306 is divided by q.
6
Calculate the remainder when (279 - -14)/(1 - 0) is divided by 103.
87
Let l(k) = 5*k - 18. Let m be l(4). Suppose -1 = -m*g + 9. Suppose 4*d - 2*y = 48, y = g*y - 16. What is the remainder when 26 is divided by d?
12
Let w(c) = -8*c + 32. Let y be w(-5). Calculate the remainder when 225/(-6)*y/(-30) is divided by 7.
6
Suppose -4*l + 455 = -56*o + 57*o, 0 = -2*o - 10. Calculate the remainder when l is divided by 31.
22
Let r(b) = -b**3 - 4*b**2 + 7*b + 4. Suppose 4*v + 10 = 2*v. Let p be r(v). What is the remainder when (132/(-9))/(1/p) is divided by 15?
13
Let q(t) = 104*t**3 - 2*t**2 + 3*t - 1. Let i be q(1). Let u = -46 + i. Calculate the remainder when u is divided by 30.
28
Suppose -12 + 3 = -3*p. Suppose p*o - 7 - 5 = 0. What is the remainder when 4 is divided by o?
0
Let b(k) = 15*k - 74. What is the remainder when 42 is divided by b(7)?
11
Suppose -4*y + 4 = -8*y. What is the remainder when 2*(-57)/6*y is divided by 5?
4
Let z = -27 + 35. Let f(j) = -j**2 + 7*j - 3. Let y be f(6). Suppose y*q + 4*p = 3*p + 62, 5*p - 16 = -q. What is the remainder when q is divided by z?
5
Suppose 10*w + 804 = 9*w. What is the remainder when 19 is divided by -3 + 31/11 - w/66?
7
Let t(d) = -d - 2. Let x(f) = f**3 - 4*f**2 + 4*f - 5. Suppose -2*r - 4*w = -24, 4 = 3*r + 4*w - 6*w. What is the remainder when x(r) is divided by t(-7)?
1
Suppose 123 = 2*d + 4*v - 49, 3*v - 319 = -4*d. Calculate the remainder when d is divided by 6.
4
Let g be (12/14)/(3/126). Let z = g + -26. Calculate the remainder when (-1)/((-2)/104)*3/4 is divided by z.
9
Let y = -31 - -11. Calculate the remainder when ((-183)/6)/(5/y) is divided by 25.
22
Suppose 18*n + 14*n = 4032. What is the remainder when n is divided by 12?
6
Let v = 29 - 14. Let l = 7 + -1. Suppose -l*y + 2*y = -228. Calculate the remainder when y is divided by v.
12
Suppose 0 = 4*o + 3*v - 90, 2*v = -4*o - o + 109. Suppose -2*z + 555 = 347. What is the remainder when z is divided by o?
20
Let f(l) = 37 + l + l**2 - 37. Let t be f(3). Calculate the remainder when 1 + t/4 + 27 is divided by 8.
7
Suppose 0 = -19*w + 13*w + 102. Calculate the remainder when 82 is divided by w.
14
Calculate the remainder when 155 is divided by 24/(-20)*-5*2.
11
Suppose 5*t = t + 120. Let s = 58 + -53. What is the remainder when s is divided by -3*4/t*-5?
1
Let z be ((-3)/(-24)*14)/((-6)/168). Let m = z - -98. What is the remainder when m is divided by 13?
10
Suppose -s = 1 - 4. Suppose 4*x - 180 = -4*o, 5*o + s*x = -0*o + 223. Let z = o + -6. Calculate the remainder when z is divided by 20.
18
Suppose 3*m + 15 - 144 = 0. Let g = -31 + m. Calculate the remainder when g is divided by 8.
4
Let r(n) = n**3 - 3*n**2 + n + 3. Let j be r(3). Suppose j*i - 40 = i. What is the remainder when 23 is divided by i?
7
Calculate the remainder when 136 is divided by 100/70*-1*-49.
66
Suppose 25*i - 288 = -47*i. Suppose 0 = 3*q + 4 - 1, 5*k - 2*q = 72. Calculate the remainder when k is divided by i.
2
Suppose -117 = 2*r + p + 28, 5*r = 3*p - 335. Let t = 120 + r. Calculate the remainder when t is divided by 21.
8
What is the remainder when 63 is divided by 2/16 - 1143/(-72)?
15
Let k(c) = c + 28. Suppose 8*h - 54 = 2*h. What is the remainder when k(15) is divided by h?
7
Let y = 44 - 41. Suppose 0 = j - 2*c, -3*c + 2 + 43 = y*j. What is the remainder when 15 is divided by j?
5
Let s = -3 - -4. Calculate the remainder when 128 - (-3 + (-2)/s) is divided by 17.
14
Let r = 212 + -205. What is the remainder when (-4)/8*2 + 19 is divided by r?
4
Suppose -3*o = -5*i - 138, -2*o + 131 = 3*i + 20. Calculate the remainder when o is divided by (33/((-132)/(-8)))/(2/26).
25
Let w be ((-4)/(-8))/((-2)/244). Let s = w - -119. What is the remainder when s is divided by (-324)/(